5 + (-6 - (6 - 3))?
6
(-21 + 5 - -2) + 7 - -14
7
What is the value of -1 + (-3 - -1) - (15 - 23)?
5
(2 - -7 - 10) + -1 + 4
2
What is -1 - (2 - (0 - (1 - 2)))?
-2
Calculate -2 - (-12 + 5 - -1).
4
What is the value of (-14 - (-6 + 0) - -4) + -3?
-7
What is -2 + (0 - -2 - -2) + -3?
-1
What is -14 + 10 - (1 + 1 + 0)?
-6
What is the value of (-29 - -28) + 1 + 5 - 0?
5
What is -4 + (4 - (1 + 1 - 0))?
-2
What is (-5 - -5) + (0 - 5) + 2?
-3
Evaluate 1 - (-5 + (-9 - -16)).
-1
-2 + -1 + 2 + 0 + 6
5
-5 - (0 + 3 + -6)
-2
Calculate 4 + -5 + 3 + 1.
3
4 - (-6 + (7 - 3))
6
Evaluate -1 - (5 - (0 + 3 + -2)).
-5
What is -9 + 2 - (28 - 31)?
-4
Evaluate 1 + (7 + -3 - (0 - -2)).
3
Calculate (-2 - -6) + -4 + -1.
-1
Calculate 105 - 99 - (10 - (-1 - -2)).
-3
Calculate -3 + (2 - -1 - -3).
3
Calculate -2 + 3 + -2 + -4.
-5
Calculate 40 + -42 + 3 + -10.
-9
Evaluate 6 + (-5 - (-2 - -6)).
-3
What is (2 - -1) + -9 + 5 + 2?
1
What is the value of 1 + (-1 - (-4 - -3))?
1
What is -4 - (0 + -13) - -2?
11
Evaluate (9 - 2) + -2 - (-57 - -55).
7
What is -1 - ((3 - 6) + 3)?
-1
What is -2 - (6 + -9 - -6)?
-5
65 - 66 - (-7 - 0)
6
What is the value of 2 + -13 + 15 + 5?
9
What is (19 - 9) + -7 - (-1 + -2)?
6
-1 + (2 - 3) - -7
5
Calculate 2 + -21 + 2 + 0 + 6.
-11
Calculate 0 - 1 - -2 - (-2 + -2).
5
Evaluate 5 - 1 - (5 - 2).
1
What is 0 + -8 - 0 - -5?
-3
What is the value of -11 + 6 - (-2 - -5) - -3?
-5
Evaluate 3 - (-4 - 0 - -2).
5
Evaluate (5 - (-2 + -2 + 5)) + -6.
-2
What is the value of 8 - (0 - 4 - -8)?
4
Evaluate (-7 - 1) + 15 + -12.
-5
Calculate (-2 - 0) + (24 - 25).
-3
Calculate -1 - -5 - (-1 + 1 - -4).
0
(4 - 5) + 0 + 2 + -5
-4
What is the value of -3 + (4 - 4 - (2 + -3))?
-2
What is the value of (6 - 0) + (-1 - (-11 - -10))?
6
What is (1 - 0) + -3 + 4?
2
Calculate -5 + (4 - (3 + -1)) - -2.
-1
Evaluate (-9 - -4) + -1 + 7 + -5.
-4
-9 - ((0 - -1) + -9)
-1
Evaluate 6 - (20 + -4) - -5.
-5
What is the value of 0 - -2 - (-4 + -6 + 14)?
-2
What is 6 + 1 + -3 - (-5 + 9)?
0
What is 1 + (2 + 4 - 10)?
-3
Evaluate (8 - 9) + -5 - 0.
-6
What is the value of 8 - (28 + -4 + -9)?
-7
Calculate (-7 - -3) + -2 + 13 + -4.
3
-1 - -4 - (-6 - -4)
5
Evaluate -1 - (0 + (-1 - 2)) - 3.
-1
Evaluate 8 - (0 - (1 - 5)).
4
Evaluate -6 - (1 + -2 - 4) - 2.
-3
What is the value of (-38 - -41) + -1 + 0?
2
What is the value of 7 + -4 + 6 + (-2 - 3)?
4
What is 3 + -3 + (0 - -2) - 7?
-5
Evaluate (3 - (4 - 6)) + (-18 - -5).
-8
Evaluate 1 + 0 + (8 - 11 - 0).
-2
Calculate (-8 - 0) + (-13 - -18).
-3
What is the value of 1 + 2 - (3 - (4 + -4))?
0
Evaluate 7 - (-2 + -3 + 9 + -5).
8
5 + -8 + 12 + -5
4
What is the value of -1 - (-1 + (-1 + 9 - 6))?
-2
Evaluate (-3 - -12) + (-1 - 3).
5
-4 + -5 + 7 - 1
-3
Evaluate (-9 - (-5 + -2)) + -6.
-8
What is the value of 3 + -3 + 6 + -5?
1
-7 + (5 - (5 - 4))
-3
What is the value of -12 + 1 + -68 + 71?
-8
-9 - -6 - -6 - (5 + 3)
-5
What is 4 - (4 + (8 - (9 + 5)))?
6
Calculate 3 + -2 + 12 - 9.
4
5 + (-4 - ((-1 - 3) + 0))
5
Evaluate -2 + (2 - (4 - 0) - -3).
-1
Evaluate (1 - -3) + 62 + -69.
-3
Calculate -8 + (9 + 1 - 4) + -9.
-11
(-6 - -1) + (-14 + 12 - -14)
7
What is the value of -5 - (1 + -3 + 0)?
-3
What is 7 + -7 + 7 + -4?
3
What is the value of 1 - ((2 - 0) + 0 + -1)?
0
Calculate 4 + -7 + 9 + -2.
4
What is (-1 - 0) + 0 + (7 - 3)?
3
-1 + -6 - -3 - (-11 - -11)
-4
Evaluate 1 + -1 + (-3 - -4 - -4).
5
Calculate (8 - (19 + -11)) + 0.
0
3 + 3 + (4 - 8)
2
Evaluate -2 - 5 - (1 - (5 - 0)).
-3
Calculate 7 + (-25 - -29) + (1 - 9).
3
Calculate -1 + -1 + -3 - (-2 - 2).
-1
Evaluate (3 - 7 - -3) + 1 + 1.
1
What is the value of (8 - (15 + -10)) + -3?
0
What is the value of 5 - (0 + 7) - -8?
6
Calculate -3 + 4 + -3 + 0 - 4.
-6
-10 + (0 + 16 - 6)
0
Evaluate (8 - (5 + (-3 - 2))) + -5.
3
2 + 14 + -23 + 17
10
Calculate 8 + (0 - 6 - 1).
1
Evaluate 1 + 10 + -5 + 0 + -6.
0
What is -2 + 1 - (68 + -78)?
9
What is the value of -9 - (-12 - -6 - 3)?
0
Calculate 5 + 0 + 1 + 0 + -4.
2
-3 - (-5 + (1 - (1 + -4)))
-2
What is 1 + (-3 - 3) + -4 - -2?
-7
20 + (-19 - -10) - 11
0
What is the value of 13 - (0 + 19 - 9)?
3
What is the value of 6 + 1 + 24 + -28?
3
What is the value of -2 + 10 + 55 + -56?
7
What is the value of 52 + -30 - (-3 - -15)?
10
-2 - 0 - (1 + 2)
-5
What is the value of 11 + 9 + -16 + 3?
7
Calculate -1 + 1 + -1 - (15 + -16).
0
What is the value of -5 + 12 + 4 + -10 + 6?
7
(1 - -1) + -6 + (-5 - -4)
-5
Evaluate 1 - (3 + 7 + -4).
-5
Calculate (8 - 1) + (14 - 16).
5
Calculate 10 + -7 + -5 + 5.
3
What is the value of -8 + 16 + (0 - (5 - 6))?
9
Evaluate 4 + -12 + -2 + 9.
-1
Evaluate (0 + -2 - -2) + 4 + -5.
-1
What is 5 + -3 + (-1 - 2)?
-1
What is -2 + 5 + 2 + -6?
-1
Calculate -10 + (2 + -5 - -1) + 8.
-4
What is the value of -1 - (8 + 0 - 4)?
-5
-5 + 2 + 1 + 3
1
What is (-3 + 7 + 5 - 3) + 1?
7
What is the value of (-2 - -3) + 1 + 0 + 0?
2
What is -18 + 11 - (0 - (13 - -1))?
7
What is (4 - 2 - -3) + -10?
-5
10 + -29 + 6 + 11
-2
What is the value of (50 - 57) + (1 - -1)?
-5
Calculate 0 + -11 + (4 - 0 - -1).
-6
3 + 0 - 0 - (0 + 7)
-4
What is the value of -22 + 29 + -1 + -4 + 6?
8
What is the value of 0 + 16 + -6 + (-4 - 1)?
5
What is the value of (-5 - 16) + (-5 - -12) + 7?
-7
-1 + (0 - 0) - (17 + -17)
-1
Calculate -1 + (7 - 5) + -5.
-4
What is (-5 - -2) + 9 + -1?
5
Calculate 8 - (-4 + 3 + 0 - -4).
5
What is -1 - -1 - -8 - 7?
1
What is the value of 2 + -2 + (5 - (8 + -2))?
-1
(-5 - -6) + (-2 - 0)
-1
What is the value of (2 - -3) + 0 - 5?
0
Calculate -1 + -4 + 15 + -15 - -10.
5
What is the value of -8 - (-1 + (-3 - -4)) - 1?
-9
What is 2 + -12 - (-5 - (-15 + 10))?
-10
4 + 1 - 4 - (2 + 0)
-1
What is 5 - (12 + -16 + 4)?
5
Evaluate (3 - -3) + -2 + 2.
6
What is the value of -2 - (-4 - 7 - -8)?
1
What is (9 - 11) + (-6 - (-3 - 0))?
-5
14 + -10 - (4 + (-4 - -2))
2
Evaluate (1 + (8 - 3) - 12) + 5.
-1
Evaluate -75 + 84 - (2 - (-1 - -1)).
7
5 + -15 + (14 - 13)
-9
Calculate (0 + -1 - (-7 - -2)) + -6.
-2
What is the value of (-1 - -4) + 0 - -6?
9
What is the value of -1 + 4 + -4 + 3 - 5?
-3
Evaluate (-1 - 0) + (6 - 6) + -3.
-4
Calculate (-11 - -5) + 2 + -3 + 1.
-6
2 + (-2 - -4) + (-27 - -26)
3
Evaluate -3 + (5 - 3) - -4.
3
What is the value of 2 - (-5 + -3 + 12)?
-2
What is -52 + 41 + -2 + 11?
-2
What is (-1 + -4 - -1) + -9 + 19?
6
Calculate -2 - 0 - (2 + -7).
3
Calculate 0 - (2 - 5 - (-2 + 1)).
2
17 - 11 - (10 - 1)
-3
Calculate 1 + (4 - 8) - 0.
-3
0 + (4 - 0 - (-6 + 12))
-2
-6 - -1 - (-10 - -2) - 9
-6
Evaluate 2 + 0 + -3 + 2 + -1.
0
Evaluate 4 + (0 - 1) + -61 + 55.
-3
Calculate -1 + -2 + (0 - 1) + 1.
-3
0 + -14 + -6 + 19
-1
Calculate (19 - 12) + -2 - 6.
-1
What is (3 - (-4 - -6)) + (-3 - 2)?
-4
Calculate 0 - (0 - -3) - (3 - 8).
2
Calculate 3 + 0 + -1 - (37 + -38).
3
What is -5 - (2 + (-3 - 0))?
-4
Calculate -1 + -1 - (-7 - (3 + -6)).
2
(26 - 25) + 0 + 1 + 0
2
Calculate 2 - ((0 - 0) + (-11 - -10)).
3
12 - -1 - (12 + -3)
4
What is the value of (-7 - -1) + (-1 - -3)?
-4
Calculate (-8 - -11) + 2 + -9.
-4
Calculate 1 + 1 - (-1 + (-2 - -2)).
3
18 - 28 - (1 - 18)
7
8 + (-10 - -4) + 1
3
Evaluate -2 + (3 - -2) + (2 - 1).
4
Calculate 0 - 0 - -5 - (-89 + 91).
3
Calculate (-7 + 5 - 0) + 2.
0
Calculate -2 + (-2 - -2) + 6 + -1.
3
1 + (2 - ((2 - -3) + 2))
-4
-42 + 36 + (-1 - -14)
7
1 + -1 - (8 - 14)
6
Evaluate -105 + 100 + (1 - (-7 + 1)).
2
What is (-4 - (-7 - -3)) + -5 + 1?
-4
What is the value of (-6 - -19 - 27) + 10?
-4
What is (6 + -3 - 1 - -3) + -2?
3
-1 + (-5 + 6 - -4) + 0
4
What is 1 + 3 - (7 - (8 + -2))?
3
What is (-1 - 2) + (21 - 17)?
1
1 - (7 - (7 + -5))
-4
5 + -12 + 11 + (1 - -1)
6
(4 + -6 - -3) + 1 + 1
3
Calculate 2 + -1 - (20 + -17).
-2
What is the value of -3 + 2 - (12 - 0 - 5)?
-8
Evaluate -23 + 26 + (1 - 4).
0
What is 7 + -2 + -8 + -3?
-6
What is 6 + 6 + -19 + 6?
-1
-3 - (-3 - (-5 + 3)) - -1
-1
Calculate (-25 - -11) + (11 - -1).
-2
4 - (6 + -6) - (2 + -2)
4
-5 - (6 + 3 - 10)
-4
Calculate 12 + (-6 - -7) + -7.
6
What is 6 - (0 + 2 + (-29 - -23))?
10
What is -4 + -1 + 5 + -1?
-1
0 - -1 - (-1 + -2)
4
What is the value of 2 + -3 - 2 - (-4 - 4)?
5
Evaluate -9 + 1 + (4 - -4 - 4).
-4
Evaluate -9 - (-2 - 6) - 3.
-4
Evaluate (7 - 1) + (-2 - 12 - -6).
-2
-2 + 3 + 3 + -8 + 5
1
What is the value of -5 + (10 - (1 - -5)) + -4?
-5
What is 10 - 6 - (11 + (1 - 4))?
-4
(4 - 2) + -3 + 1
0
What is 7 - (0 - (-1 + -1) - -1)?
4
What is 10 - ((-7 -